413946761 composite?
False
Is 499998491 a composite number?
True
Is 2261614007 prime?
True
Is 10058466241 prime?
True
Is 40614149351 composite?
True
Is 6478879523 a composite number?
False
Is 7414103057 prime?
True
Is 5717216093 a prime number?
False
Is 1679318873 prime?
True
Is 1051717939 composite?
False
Is 184864153 a prime number?
True
Is 31894596967 prime?
True
Is 5701643669 composite?
True
Is 198709127 prime?
False
Is 31645379 a prime number?
True
Is 1273864507 prime?
True
Is 3584125621 a composite number?
False
Is 22484195749 a prime number?
True
Is 2389725887 a composite number?
True
Is 14666401111 a composite number?
True
Is 117565709 composite?
True
Is 280447669139 a prime number?
False
Is 682861681 a composite number?
True
Is 1447653859 a composite number?
False
Is 28630794251 prime?
True
Is 130714741591 prime?
False
Is 46745135389 prime?
True
Is 334457953 a composite number?
False
Is 18021851933 a composite number?
True
Is 3828072401 a prime number?
False
Is 589921357 a prime number?
True
Is 3469757455 composite?
True
Is 123288969191 composite?
False
Is 6617400046 composite?
True
Is 1424485939 prime?
True
Is 325010579 a composite number?
False
Is 57788732381 a composite number?
True
Is 3796618777 prime?
False
Is 966357383 a composite number?
True
Is 9186919563 a composite number?
True
Is 929066821 a composite number?
False
Is 4929034195 prime?
False
Is 23034568643 prime?
False
Is 522824141 a prime number?
False
Is 8138312269 prime?
False
Is 31265093 a composite number?
False
Is 2555931089 composite?
False
Is 7863458077 composite?
False
Is 165853640141 composite?
True
Is 879056809 a composite number?
False
Is 10026476401 composite?
False
Is 1172463051 a prime number?
False
Is 2773883213 prime?
True
Is 20632339003 a composite number?
True
Is 9697133139 a prime number?
False
Is 4762922953 prime?
False
Is 1327258481 a prime number?
True
Is 6353768999 composite?
True
Is 4274935591 composite?
False
Is 47086061791 a composite number?
False
Is 87480851 composite?
False
Is 11427744431 composite?
False
Is 455704937 a composite number?
True
Is 2946190165 a composite number?
True
Is 473678423 prime?
False
Is 946937489 composite?
False
Is 4560515005 a prime number?
False
Is 790089571 composite?
True
Is 11161953833 prime?
False
Is 1423534481 composite?
True
Is 91935223 prime?
False
Is 5980966561 composite?
False
Is 126822248869 composite?
False
Is 3925879387 a composite number?
True
Is 41439842371 a prime number?
False
Is 9750617047 prime?
True
Is 2715252959 composite?
False
Is 546370529 composite?
False
Is 1551355781 prime?
True
Is 36959709029 a composite number?
False
Is 12231660755 a prime number?
False
Is 54349403333 composite?
False
Is 676501471 a composite number?
False
Is 531147353 composite?
True
Is 60231998641 prime?
True
Is 6143233 composite?
False
Is 359781673 a composite number?
True
Is 7172858783 prime?
True
Is 3472966151 a prime number?
True
Is 3979854001 composite?
False
Is 25548277031 prime?
True
Is 2047863221 a composite number?
False
Is 494774237 composite?
False
Is 1933779811 a prime number?
False
Is 341207437 composite?
False
Is 1763508887 prime?
False
Is 43154457889 a composite number?
False
Is 199920036541 composite?
False
Is 2392233199 a prime number?
True
Is 47587609259 composite?
True
Is 21222847 a composite number?
False
Is 875735447 a composite number?
False
Is 808401169 a prime number?
True
Is 152412787 composite?
True
Is 417773243 a prime number?
True
Is 8444396491 composite?
False
Is 452837893 prime?
True
Is 1661131289 prime?
True
Is 768668813 composite?
True
Is 24008670863 a prime number?
True
Is 26326347449 composite?
False
Is 11462744701 a composite number?
False
Is 1899036829 a composite number?
True
Is 332859429965 composite?
True
Is 7559750807 a composite number?
True
Is 60947278429 composite?
False
Is 39736817137 composite?
True
Is 3460097926 composite?
True
Is 20728138115 prime?
False
Is 191612942 composite?
True
Is 9159847717 a composite number?
False
Is 134622853 composite?
True
Is 2329278659 composite?
False
Is 7500461119 a composite number?
True
Is 121221473 a prime number?
True
Is 123760067 prime?
True
Is 186962759 a composite number?
True
Is 3129078657 a prime number?
False
Is 946663199 prime?
True
Is 17485986047 a prime number?
True
Is 76968048317 a composite number?
False
Is 2132479501 a composite number?
True
Is 2200558049 a prime number?
True
Is 461314517 a prime number?
False
Is 6634921301 composite?
False
Is 62329325711 composite?
False
Is 26424510647 a composite number?
True
Is 238439765 composite?
True
Is 624670361 prime?
False
Is 52819480717 prime?
True
Is 4770520201 composite?
True
Is 11715344353 prime?
True
Is 19633671041 prime?
True
Is 881373953 a prime number?
False
Is 6362780761 a prime number?
True
Is 7273044341 a composite number?
False
Is 19077439753 a prime number?
True
Is 3599243383 a composite number?
True
Is 3496939349 composite?
False
Is 8080441 prime?
True
Is 64341015563 composite?
True
Is 10316936807 a composite number?
True
Is 56965789261 composite?
True
Is 1957064671 a prime number?
True
Is 2357785513 composite?
False
Is 2871662771 prime?
False
Is 29344536241 composite?
False
Is 667274887 a prime number?
True
Is 37772549 a composite number?
False
Is 1583927057 composite?
True
Is 79988591 prime?
True
Is 58910678933 composite?
False
Is 118471594379 prime?
True
Is 55177773297 a composite number?
True
Is 3788382943 a prime number?
False
Is 480222901 a prime number?
True
Is 4461927797 prime?
False
Is 58157010577 composite?
False
Is 74282949563 prime?
True
Is 8397682739 a prime number?
True
Is 32171897 prime?
False
Is 203815615951 a composite number?
False
Is 608386481 composite?
False
Is 588139403 composite?
False
Is 41720320391 a composite number?
False
Is 1614625889 composite?
False
Is 38166474923 a prime number?
False
Is 2704651981 composite?
True
Is 5885824787 prime?
True
Is 59569483 prime?
True
Is 1225761281 prime?
False
Is 590508017 a composite number?
True
Is 2499100543 a prime number?
False
Is 374307371 composite?
False
Is 1347244861 prime?
False
Is 1291032499 composite?
False
Is 5707478737 prime?
True
Is 3755533649 prime?
False
Is 283214860205 a composite number?
True
Is 23675384833 composite?
True
Is 15995067667 a prime number?
True
Is 10046080253 composite?
True
Is 43200446573 a prime number?
True
Is 13348517979 a prime number?
False
Is 11959451342 a prime number?
False
Is 1416787063 a prime number?
True
Is 19409199707 a composite number?
True
Is 8753633851 prime?
False
Is 39031982837 prime?
True
Is 3574272277 a composite number?
False
Is 940129051 prime?
True
Is 5892671677 a composite number?
False
Is 10508222827 composite?
False
Is 8203365263 prime?
True
Is 7652293471 composite?
False
Is 231800119 a composite number?
False
Is 2684138603 a prime number?
True
Is 3472542449 composite?
True
Is 1546226923699 composite?
False
Is 5016271471 a prime number?
True
Is 1020896029 a prime number?
True
Is 211771896329 a composite number?
True
Is 44556312491 composite?
False
Is 14773640759 a prime number?
False
Is 11052122743 a composite number?
False
Is 1266221849 prime?
True
Is 337131023 composite?
False
Is 25441531229 composite?
True
Is 118495212677 a composite number?
False
Is 1310221441 a prime number?
True
Is 16644322553 composite?
True
Is 16657001381 prime?
True
Is 47229186707 composite?
False
Is 1935042673 a prime number?
True
Is 300374563 prime?
True
Is 50841421483 a prime number?
True
Is 30784157 prime?
True
Is 39818287 prime?
True
Is 56836520971 prime?
False
Is 10269876271 a prime number?
False
Is 62349397949 composite?
True
Is 2750762351 a composite number?
True
Is 2827402469 a composite number?
False
Is 511872349 prime?
True
Is 982336223 prime?
False
Is 4101322201 composite?
False
Is 20463526451 prime?
False
Is 336654201493 a composite number?
True
Is 678529697 composite?
False
Is 4610239253 a composite number?
False
Is 2214796043 composite?
True
Is 1064907881 prime?
True
Is 17299905991 prime?
True
Is 2446822841 a composite number?
False
Is 455171777 prime?
True
Is 3920035169 composite?
False
Is 1876862723 a composite number?
False
Is 2773328443 prime?
True
Is 2138318353 a prime number?
True
Is 15831299831 prime?
False
Is 46594905727 composite?
False
Is 104410981352